4 is divided by 108.
6
Calculate the remainder when 793 is divided by 122.
61
Calculate the remainder when 261 is divided by 79.
24
Calculate the remainder when 138 is divided by 17.
2
Calculate the remainder when 356 is divided by 111.
23
What is the remainder when 288 is divided by 14?
8
What is the remainder when 125 is divided by 21?
20
What is the remainder when 737 is divided by 4?
1
Calculate the remainder when 211 is divided by 24.
19
What is the remainder when 964 is divided by 89?
74
Calculate the remainder when 3197 is divided by 128.
125
What is the remainder when 299 is divided by 38?
33
What is the remainder when 8838 is divided by 34?
32
Calculate the remainder when 487 is divided by 41.
36
What is the remainder when 146 is divided by 46?
8
What is the remainder when 2310 is divided by 767?
9
What is the remainder when 159 is divided by 54?
51
What is the remainder when 473 is divided by 24?
17
Calculate the remainder when 208 is divided by 202.
6
What is the remainder when 3240 is divided by 203?
195
Calculate the remainder when 840 is divided by 170.
160
Calculate the remainder when 1073 is divided by 30.
23
Calculate the remainder when 105 is divided by 41.
23
What is the remainder when 112 is divided by 15?
7
What is the remainder when 11232 is divided by 5?
2
Calculate the remainder when 160 is divided by 47.
19
What is the remainder when 21 is divided by 20?
1
Calculate the remainder when 798 is divided by 73.
68
Calculate the remainder when 27 is divided by 25.
2
Calculate the remainder when 353 is divided by 179.
174
What is the remainder when 112 is divided by 46?
20
What is the remainder when 257 is divided by 37?
35
What is the remainder when 141 is divided by 33?
9
Calculate the remainder when 947 is divided by 119.
114
Calculate the remainder when 861 is divided by 263.
72
What is the remainder when 340 is divided by 47?
11
Calculate the remainder when 607 is divided by 10.
7
What is the remainder when 859 is divided by 43?
42
Calculate the remainder when 53 is divided by 37.
16
Calculate the remainder when 598 is divided by 265.
68
Calculate the remainder when 1956 is divided by 216.
12
Calculate the remainder when 3313 is divided by 65.
63
What is the remainder when 3210 is divided by 21?
18
Calculate the remainder when 95 is divided by 18.
5
Calculate the remainder when 921 is divided by 24.
9
What is the remainder when 54 is divided by 10?
4
What is the remainder when 140 is divided by 50?
40
What is the remainder when 593 is divided by 42?
5
What is the remainder when 89 is divided by 15?
14
What is the remainder when 2278 is divided by 34?
0
Calculate the remainder when 392 is divided by 90.
32
Calculate the remainder when 1160 is divided by 14.
12
Calculate the remainder when 53 is divided by 11.
9
What is the remainder when 2547 is divided by 62?
5
What is the remainder when 70 is divided by 2?
0
What is the remainder when 461 is divided by 58?
55
Calculate the remainder when 1497 is divided by 300.
297
Calculate the remainder when 5505 is divided by 1831.
12
Calculate the remainder when 2296 is divided by 11.
8
What is the remainder when 9197 is divided by 100?
97
What is the remainder when 62 is divided by 21?
20
What is the remainder when 245 is divided by 84?
77
Calculate the remainder when 197 is divided by 71.
55
What is the remainder when 612 is divided by 30?
12
Calculate the remainder when 1652 is divided by 51.
20
Calculate the remainder when 1112 is divided by 33.
23
What is the remainder when 1262 is divided by 141?
134
Calculate the remainder when 72236 is divided by 24.
20
Calculate the remainder when 473 is divided by 34.
31
Calculate the remainder when 6900 is divided by 7.
5
What is the remainder when 116 is divided by 6?
2
What is the remainder when 341 is divided by 6?
5
What is the remainder when 7799 is divided by 153?
149
Calculate the remainder when 381 is divided by 16.
13
What is the remainder when 309 is divided by 12?
9
Calculate the remainder when 2709 is divided by 12.
9
What is the remainder when 65 is divided by 52?
13
Calculate the remainder when 491 is divided by 64.
43
Calculate the remainder when 487 is divided by 252.
235
What is the remainder when 6581 is divided by 100?
81
What is the remainder when 168 is divided by 13?
12
What is the remainder when 10060 is divided by 86?
84
Calculate the remainder when 296 is divided by 126.
44
What is the remainder when 258 is divided by 15?
3
Calculate the remainder when 221 is divided by 45.
41
Calculate the remainder when 74 is divided by 24.
2
What is the remainder when 1216 is divided by 87?
85
Calculate the remainder when 156 is divided by 27.
21
What is the remainder when 27 is divided by 12?
3
What is the remainder when 1551 is divided by 476?
123
What is the remainder when 138 is divided by 14?
12
Calculate the remainder when 1059 is divided by 350.
9
Calculate the remainder when 116 is divided by 10.
6
What is the remainder when 274 is divided by 131?
12
What is the remainder when 207 is divided by 54?
45
What is the remainder when 115 is divided by 29?
28
Calculate the remainder when 121 is divided by 103.
18
What is the remainder when 4758 is divided by 478?
456
Calculate the remainder when 194 is divided by 39.
38
What is the remainder when 65 is divided by 10?
5
Calculate the remainder when 2743 is divided by 28.
27
Calculate the remainder when 461 is divided by 160.
141
Calculate the remainder when 430 is divided by 112.
94
Calculate the remainder when 858 is divided by 96.
90
What is the remainder when 333 is divided by 6?
3
Calculate the remainder when 223 is divided by 4.
3
What is the remainder when 342 is divided by 15?
12
Calculate the remainder when 2701 is divided by 51.
49
What is the remainder when 392 is divided by 103?
83
Calculate the remainder when 316 is divided by 11.
8
Calculate the remainder when 573 is divided by 193.
187
What is the remainder when 8 is divided by 1?
0
What is the remainder when 698 is divided by 181?
155
What is the remainder when 16818 is divided by 10?
8
Calculate the remainder when 171 is divided by 45.
36
What is the remainder when 619 is divided by 23?
21
Calculate the remainder when 1035 is divided by 334.
33
Calculate the remainder when 185 is divided by 25.
10
What is the remainder when 186 is divided by 17?
16
What is the remainder when 222 is divided by 23?
15
What is the remainder when 76 is divided by 56?
20
What is the remainder when 98 is divided by 80?
18
Calculate the remainder when 519 is divided by 103.
4
What is the remainder when 26 is divided by 20?
6
What is the remainder when 1023 is divided by 6?
3
Calculate the remainder when 1211 is divided by 15.
11
What is the remainder when 84 is divided by 58?
26
Calculate the remainder when 30 is divided by 24.
6
Calculate the remainder when 93 is divided by 51.
42
What is the remainder when 337 is divided by 164?
9
Calculate the remainder when 962 is divided by 69.
65
What is the remainder when 142 is divided by 12?
10
Calculate the remainder when 186 is divided by 38.
34
What is the remainder when 225 is divided by 33?
27
What is the remainder when 284 is divided by 143?
141
Calculate the remainder when 4156 is divided by 93.
64
What is the remainder when 72 is divided by 26?
20
What is the remainder when 356 is divided by 44?
4
What is the remainder when 194 is divided by 14?
12
What is the remainder when 18541 is divided by 76?
73
What is the remainder when 377 is divided by 129?
119
Calculate the remainder when 70 is divided by 40.
30
Calculate the remainder when 265 is divided by 11.
1
What is the remainder when 250 is divided by 21?
19
Calculate the remainder when 90 is divided by 23.
21
What is the remainder when 4677 is divided by 66?
57
Calculate the remainder when 447 is divided by 20.
7
What is the remainder when 658 is divided by 55?
53
Calculate the remainder when 7786 is divided by 41.
37
Calculate the remainder when 8293 is divided by 17.
14
What is the remainder when 79 is divided by 15?
4
Calculate the remainder when 319 is divided by 10.
9
What is the remainder when 458 is divided by 58?
52
What is the remainder when 12993 is divided by 114?
111
Calculate the remainder when 2631 is divided by 43